{"id":432,"date":"2018-03-26T13:14:33","date_gmt":"2018-03-26T13:14:33","guid":{"rendered":"https:\/\/www.zahnarztpraxis-landesbergen.de\/?page_id=432"},"modified":"2019-08-26T17:21:35","modified_gmt":"2019-08-26T17:21:35","slug":"impressum-3","status":"publish","type":"page","link":"https:\/\/www.zahnarztpraxis-landesbergen.de\/?page_id=432","title":{"rendered":"IMPRESSUM"},"content":{"rendered":"<p>Verantwortlich f\u00fcr den Inhalt gem\u00e4\u00df \u00a710 Absatz 3 MDStV:<\/p>\n<p>Dr. Harald Hoppe<br \/>\nLange Stra\u00dfe 38<br \/>\n31628 Landesbergen<br \/>\nTel.: 05025 \/ 6885<br \/>\nUmsatzsteuer-Identifikationsnummer: DE286134504<\/p>\n<p>Berufsbezeichnung:<br \/>\nZahnarzt<\/p>\n<p>Staat, der die Berufsbezeichnung verliehen hat:<br \/>\nBundesrepublik Deutschland<\/p>\n<p>Zust\u00e4ndige Aufsichtsbeh\u00f6rde:<br \/>\nKassenzahn\u00e4rztliche Vereinigung Niedersachsen<\/p>\n<p>Zust\u00e4ndige Kammer:<br \/>\nZahn\u00e4rztekammer Niedersachsen<br \/>\nZei\u00dfstra\u00dfe 11a<br \/>\n30519 Hannover<\/p>\n<p>Berufsrechtliche Regelungen:<br \/>\nZahnheilkunde Gesetz<br \/>\nHeilberufskammergesetz<br \/>\nBerufsordnung der Zahn\u00e4rztekammer Niedersachsen<br \/>\nGeb\u00fchrenordnung f\u00fcr Zahn\u00e4rzte (GOZ)<\/p>\n<p>Aus standesrechtlichen Gr\u00fcnden weisen wir darauf hin, dass unsere Internetseiten der Information unserer Patienten dienen und keinen Werbecharakter tragen.<br \/>\nDie dargestellten Behandlungsverfahren stellen nicht nur unsere Praxis dar, sondern betreffen allgemein verf\u00fcgbare Behandlungskonzepte und dienen ausschlie\u00dflich der medizinischen Aufkl\u00e4rung unserer Patienten.<\/p>\n<p>Haftungshinweis:<br \/>\nTrotz sorgf\u00e4ltiger inhaltlicher Kontrolle \u00fcbernehmen wir keine Haftung f\u00fcr die Inhalte externer Links. F\u00fcr den Inhalt der verlinkten Seiten sind ausschlie\u00dflich deren Betreiber verantwortlich.<br \/>\nDokumente, Grafiken, Software und Quelltexte, die Bestandteile dieser Internetseiten darstellen und von diesem Server heruntergeladen werden k\u00f6nnen, sind urheberrechtlich gesch\u00fctzt. Jegliche Verwendung, Reproduktion und Weitergabe dieser Dokumente, Grafiken und Software ist nicht gestattet.<\/p>\n<p>Haftungsausschluss:<br \/>\nDie Inhalte unserer Internetseiten wurden mit gr\u00f6\u00dftm\u00f6glicher Sorgfalt erstellt. Dennoch \u00fcbernehmen wir keine Gew\u00e4hr \u00fcber die Richtigkeit, Vollst\u00e4ndigkeit und Aktualit\u00e4t der hier gezeigten Inhalte.<\/p>\n","protected":false},"excerpt":{"rendered":"<p>Verantwortlich f\u00fcr den Inhalt gem\u00e4\u00df \u00a710 Absatz 3 MDStV: Dr. Harald Hoppe Lange Stra\u00dfe 38 31628 Landesbergen Tel.: 05025 \/ 6885 Umsatzsteuer-Identifikationsnummer: DE286134504 Berufsbezeichnung: Zahnarzt Staat, der die Berufsbezeichnung verliehen hat: Bundesrepublik Deutschland Zust\u00e4ndige Aufsichtsbeh\u00f6rde: Kassenzahn\u00e4rztliche Vereinigung Niedersachsen Zust\u00e4ndige Kammer: Zahn\u00e4rztekammer Niedersachsen Zei\u00dfstra\u00dfe 11a 30519 Hannover Berufsrechtliche Regelungen: Zahnheilkunde Gesetz Heilberufskammergesetz Berufsordnung der Zahn\u00e4rztekammer Niedersachsen Geb\u00fchrenordnung f\u00fcr Zahn\u00e4rzte (GOZ) Aus standesrechtlichen Gr\u00fcnden weisen wir darauf hin, dass unsere Internetseiten der<\/p>\n","protected":false},"author":1,"featured_media":0,"parent":0,"menu_order":0,"comment_status":"closed","ping_status":"closed","template":"","meta":[],"_links":{"self":[{"href":"https:\/\/www.zahnarztpraxis-landesbergen.de\/index.php?rest_route=\/wp\/v2\/pages\/432"}],"collection":[{"href":"https:\/\/www.zahnarztpraxis-landesbergen.de\/index.php?rest_route=\/wp\/v2\/pages"}],"about":[{"href":"https:\/\/www.zahnarztpraxis-landesbergen.de\/index.php?rest_route=\/wp\/v2\/types\/page"}],"author":[{"embeddable":true,"href":"https:\/\/www.zahnarztpraxis-landesbergen.de\/index.php?rest_route=\/wp\/v2\/users\/1"}],"replies":[{"embeddable":true,"href":"https:\/\/www.zahnarztpraxis-landesbergen.de\/index.php?rest_route=%2Fwp%2Fv2%2Fcomments&post=432"}],"version-history":[{"count":4,"href":"https:\/\/www.zahnarztpraxis-landesbergen.de\/index.php?rest_route=\/wp\/v2\/pages\/432\/revisions"}],"predecessor-version":[{"id":547,"href":"https:\/\/www.zahnarztpraxis-landesbergen.de\/index.php?rest_route=\/wp\/v2\/pages\/432\/revisions\/547"}],"wp:attachment":[{"href":"https:\/\/www.zahnarztpraxis-landesbergen.de\/index.php?rest_route=%2Fwp%2Fv2%2Fmedia&parent=432"}],"curies":[{"name":"wp","href":"https:\/\/api.w.org\/{rel}","templated":true}]}}